{"id":330,"date":"2019-02-18T13:59:46","date_gmt":"2019-02-18T12:59:46","guid":{"rendered":"http:\/\/edumedsenior.umed.pl\/?page_id=330"},"modified":"2020-02-11T19:23:00","modified_gmt":"2020-02-11T18:23:00","slug":"rozeznania-rynku","status":"publish","type":"page","link":"https:\/\/edumedsenior.umed.pl\/index.php\/rozeznania-rynku\/","title":{"rendered":"Rozeznania rynku"},"content":{"rendered":"<ul>\n<li><a href=\"http:\/\/edumedsenior.umed.pl\/wp-content\/uploads\/2018\/01\/Rozeznanie-rynku-nr-1-Podstawy-zarz\u0105dzania.doc\">Podstawy zarz\u0105dzania<\/a><\/li>\n<li><a href=\"http:\/\/edumedsenior.umed.pl\/wp-content\/uploads\/2018\/02\/Rozeznanie-rynku-nr-1-Polski-system-opieki-medycznej.doc\">Polski system opieki medycznej<\/a><\/li>\n<li><a href=\"http:\/\/edumedsenior.umed.pl\/wp-content\/uploads\/2018\/01\/Rozeznanie-rynku-nr-3-Systemy-ochrony-zdrowia.doc\">Systemy ochrony zdrowia<\/a><\/li>\n<li><a href=\"http:\/\/edumedsenior.umed.pl\/wp-content\/uploads\/2018\/02\/Rozeznanie-rynku-nr-3-Srebrny-marketing.doc\">Srebrny marketing<\/a><\/li>\n<li><a href=\"http:\/\/edumedsenior.umed.pl\/wp-content\/uploads\/2018\/01\/Rozeznanie-rynku-nr-5-Metodologia-bada\u0144-spo\u0142ecznych.doc\">Metodologia bada\u0144 spo\u0142ecznych<\/a><\/li>\n<li><a href=\"http:\/\/edumedsenior.umed.pl\/wp-content\/uploads\/2018\/02\/Rozeznanie-rynku-nr-5-Metody-bada\u0144-spo\u0142ecznych-w\u015br\u00f3d-senior\u00f3w.doc\">Metody bada\u0144 spo\u0142ecznych w\u015br\u00f3d senior\u00f3w<\/a><\/li>\n<li><a href=\"http:\/\/edumedsenior.umed.pl\/wp-content\/uploads\/2018\/02\/Rozeznanie-rynku-nr-7-Socjologia-zdrowia-i-choroby.doc\">Socjologia zdrowia i choroby<\/a><\/li>\n<li><a href=\"http:\/\/edumedsenior.umed.pl\/wp-content\/uploads\/2018\/02\/Rozeznanie-rynku-nr-9-Polityka-spo\u0142eczna.doc\">Polityka spo\u0142eczna<\/a><\/li>\n<li><a href=\"http:\/\/edumedsenior.umed.pl\/wp-content\/uploads\/2018\/01\/Rozeznanie-rynku-nr-2-Wprowadzenie-do-koordyn.-opieki.doc\">Wprowadzenie do koordyn. opieki<\/a><\/li>\n<li><a href=\"http:\/\/edumedsenior.umed.pl\/wp-content\/uploads\/2018\/02\/Rozeznanie-rynku-nr-2-Psychologia-spo\u0142eczna-wieku-podesz\u0142ego.doc\">Psychologia spo\u0142eczna wieku podesz\u0142ego<\/a><\/li>\n<li><a href=\"http:\/\/edumedsenior.umed.pl\/wp-content\/uploads\/2018\/01\/Rozeznanie-rynku-nr-4-Podstawy-psycho-i-socjoterapii.doc\">Podstawy psycho i socjoterapii<\/a><\/li>\n<li><a href=\"http:\/\/edumedsenior.umed.pl\/wp-content\/uploads\/2018\/02\/Rozeznanie-rynku-nr-4-Podstawy-prawa-rodzinnego-i-senioralnego.doc\">Podstawy prawa rodzinnego i senioralnego<\/a><\/li>\n<li><a href=\"http:\/\/edumedsenior.umed.pl\/wp-content\/uploads\/2018\/01\/Rozeznanie-rynku-nr-6-Projekt-interwencji-zdrowotno-\u015brodowiskowej.doc\">Projekt interwencji zdrowotno-\u015brodowiskowej<\/a><\/li>\n<li><a href=\"http:\/\/edumedsenior.umed.pl\/wp-content\/uploads\/2018\/02\/Rozeznanie-rynku-nr-6-Badania-jako\u015bci-us\u0142ug-medycznych.doc\">Badania jako\u015bci us\u0142ug medycznych<\/a><\/li>\n<li><a href=\"http:\/\/edumedsenior.umed.pl\/wp-content\/uploads\/2018\/02\/Rozeznanie-rynku-nr-8-Pomoc-spo\u0142eczna-i-praca-socjalna.doc\">Pomoc spo\u0142eczna i praca socjalna<\/a><\/li>\n<li><a href=\"http:\/\/edumedsenior.umed.pl\/wp-content\/uploads\/2019\/04\/Rozeznanie-rynku-Publikacja.doc\">Przygotowanie do druku i druk 2-tomowego podr\u0119cznika<\/a><\/li>\n<li><a href=\"http:\/\/edumedsenior.umed.pl\/wp-content\/uploads\/2019\/06\/Rozeznanie-rynku_recenzja-podr\u0119cznika.doc\">Recenzja podr\u0119cznika<\/a><\/li>\n<li><a href=\"http:\/\/edumedsenior.umed.pl\/wp-content\/uploads\/2019\/11\/Rozeznanie-rynku-Opiekuna-zaj\u0119\u0107-projektowych.doc\">Opiekun zaj\u0119\u0107 projektowych<\/a><\/li>\n<li><a href=\"http:\/\/edumedsenior.umed.pl\/wp-content\/uploads\/2020\/01\/Rozeznanie-rynku-nr-1-20-wizyta-eksperta-K.doc\">Wyb\u00f3r eksperta krajowego<\/a><\/li>\n<li><a href=\"http:\/\/edumedsenior.umed.pl\/wp-content\/uploads\/2020\/01\/Rozeznanie-rynku-nr-2-20-wizyta-eksperta-K_pracodawca.doc\">Wyb\u00f3r eksperta krajowego &#8211; pracodawca<\/a><\/li>\n<li><a href=\"http:\/\/edumedsenior.umed.pl\/wp-content\/uploads\/2020\/02\/Rozeznanie-rynku-nr-3-20-wizyta-eksperta-K.doc\">Wyb\u00f3r eksperta krajowego 2<\/a><\/li>\n<li><a href=\"http:\/\/edumedsenior.umed.pl\/wp-content\/uploads\/2020\/02\/Rozeznanie-rynku-nr-4-20-wizyta-eksperta-K_pracodawca.doc\">Wyb\u00f3r eksperta krajowego &#8211; pracodawca 2<\/a><\/li>\n<\/ul>\n","protected":false},"excerpt":{"rendered":"<p>Podstawy zarz\u0105dzania Polski system opieki medycznej Systemy ochrony zdrowia Srebrny marketing Metodologia bada\u0144 spo\u0142ecznych Metody bada\u0144 spo\u0142ecznych w\u015br\u00f3d senior\u00f3w Socjologia zdrowia i choroby Polityka spo\u0142eczna Wprowadzenie do koordyn. opieki Psychologia spo\u0142eczna wieku podesz\u0142ego Podstawy psycho i socjoterapii Podstawy prawa rodzinnego&#8230;<\/p>\n","protected":false},"author":1,"featured_media":0,"parent":0,"menu_order":0,"comment_status":"closed","ping_status":"closed","template":"","meta":{"footnotes":""},"class_list":["post-330","page","type-page","status-publish","hentry"],"_links":{"self":[{"href":"https:\/\/edumedsenior.umed.pl\/index.php\/wp-json\/wp\/v2\/pages\/330","targetHints":{"allow":["GET"]}}],"collection":[{"href":"https:\/\/edumedsenior.umed.pl\/index.php\/wp-json\/wp\/v2\/pages"}],"about":[{"href":"https:\/\/edumedsenior.umed.pl\/index.php\/wp-json\/wp\/v2\/types\/page"}],"author":[{"embeddable":true,"href":"https:\/\/edumedsenior.umed.pl\/index.php\/wp-json\/wp\/v2\/users\/1"}],"replies":[{"embeddable":true,"href":"https:\/\/edumedsenior.umed.pl\/index.php\/wp-json\/wp\/v2\/comments?post=330"}],"version-history":[{"count":12,"href":"https:\/\/edumedsenior.umed.pl\/index.php\/wp-json\/wp\/v2\/pages\/330\/revisions"}],"predecessor-version":[{"id":449,"href":"https:\/\/edumedsenior.umed.pl\/index.php\/wp-json\/wp\/v2\/pages\/330\/revisions\/449"}],"wp:attachment":[{"href":"https:\/\/edumedsenior.umed.pl\/index.php\/wp-json\/wp\/v2\/media?parent=330"}],"curies":[{"name":"wp","href":"https:\/\/api.w.org\/{rel}","templated":true}]}}